n factor of z and 3.
3
Let w = 529 + -491. Calculate the highest common divisor of w and 418.
38
Suppose 0 = 23*f - 18*f - 110. Let y = 7 - 5. Calculate the highest common factor of y and f.
2
Suppose 42 = 6*u - 228. Suppose 2*q + b - 13 - 16 = 0, 4*b = -4*q + 64. Let p = -8 + q. Calculate the highest common divisor of p and u.
5
Let m(r) = r**2 + 52 - 4*r + r**2 - 50 + r**3 + 0*r**3. Let l be m(2). What is the greatest common divisor of 2 and l?
2
Let w = -1162 + 1190. Calculate the greatest common factor of w and 840.
28
Let p be 1*((-60)/9 - (-3)/(-9)). Let v be -2 + (-2)/p + 1872/63. What is the greatest common factor of 70 and v?
14
Let d(t) = -8*t + 2. Let a be (-3 + 15/6)*4. Let o = a + 1. Let i be d(o). What is the greatest common factor of i and 4?
2
Suppose -18 - 14 = 2*x. Suppose z + 5*p = 35 + 13, 148 = 5*z + 2*p. Let u = z + x. What is the highest common factor of 18 and u?
6
Let o be 4/14 - 8/(-84)*-3. Suppose 13*x - 12*x - 24 = o. What is the greatest common factor of x and 48?
24
Let o be (2/(-4))/((-2)/32). Let a(c) = 27*c + 1363. Let p be a(-49). Calculate the greatest common divisor of p and o.
8
Suppose 0 = z + 2*z - 243. Suppose 5*p - z = 39. What is the highest common factor of 264 and p?
24
Suppose 53*b + 11*b = 5376. Suppose u - 4*u - 10 = i, -26 = 5*i + 3*u. Let y(t) = -2*t + 4. Let c be y(i). What is the highest common divisor of b and c?
12
Suppose 109 = 4*v + 3*z + 2*z, 1 = z. Let p = -6 + 19. Suppose -65 = -o - p. Calculate the highest common divisor of o and v.
26
Suppose 5*i - 104 = -5*r + 501, 25 = -5*i. What is the greatest common divisor of r and 1386?
126
Let t = -327 - -507. What is the highest common factor of t and 72?
36
Suppose -3*u = -7*u + 120. Let p be ((-3)/(-5) - (-12)/u)/1. Calculate the greatest common divisor of p and 11.
1
Suppose -2*h + 213 - 157 = 0. What is the highest common divisor of h and 1372?
28
Let r = 1536 + -533. What is the highest common divisor of r and 59?
59
Let c(t) = t**3 + 5*t**2 - 7*t - 1. Let k be c(-7). Let n = k - -77. Let p be 6/n - (-124)/9. Calculate the greatest common factor of p and 14.
14
Let p = 336 + -260. What is the greatest common factor of 304 and p?
76
Let s(u) = u**2 + 49. Let o be s(0). Let x = 39 - 10. Let n = o - x. What is the highest common divisor of 4 and n?
4
Let b = 111 - 73. Calculate the greatest common divisor of b and 2.
2
Let b be 6/2*96/9. Let p(z) = z**3 + 3*z**2 - 2*z - 2. Let r be p(-3). Suppose -r*i = -2*i - b. What is the greatest common factor of i and 8?
8
Suppose 11*g - 3*g = 208. Suppose 4*k - 7 = -2*i + 3, 4*i + 5*k = g. Calculate the highest common divisor of i and 36.
9
Suppose -163*b = -159*b - 560. What is the highest common factor of 455 and b?
35
Suppose 12*h - 13*h = -63. What is the highest common divisor of h and 21?
21
Let l(a) = -a**3 - 3*a**2 - 4*a - 2. Let k be l(-3). Suppose 3*p = -5*b + 340, -p + 540 = 4*p - 5*b. What is the greatest common factor of p and k?
10
Suppose -5*c + 458 = -3*o, 3*c = o - 5*o + 269. What is the greatest common divisor of 13 and c?
13
Suppose 10*r - 12*r - 3*f = -246, -r - f + 123 = 0. Calculate the highest common factor of 3 and r.
3
Let y(d) = -2*d**3 - 6*d**2 + 8*d + 6. Let k be y(-5). Let f = -403 - -409. Calculate the greatest common factor of f and k.
6
Let o(x) = -x**3 - 3*x**2 - 5. Let i be o(-5). Let t = 81 - i. Suppose -s - 3*s = 5*v - 132, s = v - 21. Calculate the highest common divisor of t and v.
12
Suppose -n + 8 = n. Suppose -10 = -n*p + 6. Let d be (3/9)/((-16)/(-480)). Calculate the highest common factor of p and d.
2
Let u(t) = 24*t**3 + t + 1. Let y be u(2). Suppose -5*z - y = -9*z + x, 2*z = -5*x + 81. What is the greatest common divisor of 12 and z?
12
Let y(a) = a**3 - 5*a**2 - 6*a + 1. Let z be y(6). Let g = -1842 - -1843. Calculate the greatest common factor of z and g.
1
Let h = 251 - 214. Calculate the highest common divisor of h and 37.
37
Let b(d) be the first derivative of 3*d**2/2 + 16*d - 3. Let u be b(-4). Calculate the greatest common factor of u and 8.
4
Suppose 4*i - 48 = 4*w - 8, 2*w - 24 = -2*i. What is the greatest common divisor of 2 and i?
1
Let n(i) = -i**3 + 24*i**2 + 83*i - 43. Let g be n(27). Calculate the highest common factor of 1441 and g.
11
Suppose 0 = 2*r + 8, -21*i - 1812 = -25*i + 5*r. What is the greatest common divisor of 28 and i?
28
Suppose 726 = 2*z - 6*u, 624 = 3*z + 5*u - 521. Calculate the greatest common divisor of z and 15.
15
Let j = 582 - 468. Calculate the highest common divisor of 38 and j.
38
Suppose -20 - 4 = -8*s. Suppose s*h + 72 = 11*h. What is the highest common divisor of h and 72?
9
Let t = -548 + 552. What is the greatest common factor of 68 and t?
4
Let y be ((1 + -7)/(-2))/((-18)/(-24)). Suppose 5 = -y*z + 25. Let p(h) = 11*h**2 + 1. Let s be p(-2). Calculate the greatest common factor of z and s.
5
Suppose -54*d = -48*d - 684. What is the highest common factor of 190 and d?
38
Let w(q) = q**3 + 4*q**2 - 3*q. Let s be w(-4). Let b be 0 + (-1)/(3/(-378)). Let m be ((-6)/7)/((-1)/b). Calculate the highest common factor of s and m.
12
Let w = -326 + 611. Calculate the highest common divisor of w and 513.
57
Let j(r) = -27*r - 5. Let p be j(-4). Suppose -3*k + 4*f + p = 0, -7*k = -2*k + f - 187. Let d = k - 22. Calculate the greatest common factor of 45 and d.
15
Suppose -3*o + 4*k = -93 - 235, 427 = 4*o + 5*k. Calculate the highest common divisor of o and 360.
36
Let y(x) = -22*x - 181. Let w be y(-9). What is the highest common factor of 5627 and w?
17
Let l = 858 - 817. What is the greatest common factor of 861 and l?
41
Let u be 648/90*(-5)/(-2)*11. What is the greatest common divisor of 55 and u?
11
Suppose 19 = -3*t - 35. Let j = t - -32. Let f(c) = -c**2 + 14*c + 6. Let h be f(j). Calculate the greatest common divisor of 42 and h.
6
Suppose -15*j + 42 = -9*j. Let v be (-39)/4 - 2/8. Let b(y) = -y**3 - 10*y**2 - 4*y - 5. Let i be b(v). What is the greatest common factor of i and j?
7
Suppose 0 = 2*g - 4, w = 3*w - g. Let f = -5 + 6. What is the greatest common divisor of f and w?
1
Suppose 5*p + 51 = v + 42, v + p = 21. Calculate the highest common divisor of v and 1919.
19
Let a(x) be the third derivative of -x**4/4 + 4*x**3/3 + 22*x**2. Let k be a(-2). Calculate the greatest common factor of k and 5.
5
Let r(u) = -u**2 - 7*u - 4. Let x be r(-6). Let y be x/3 + 1 + 142/3. What is the greatest common divisor of 7 and y?
7
Let r(p) = 7*p**2 - 1. Let f be -3*(-3 + 11/3). Let x be r(f). Let q = 5 + 49. What is the highest common divisor of q and x?
27
Let d = -555 + 595. Calculate the greatest common divisor of d and 230.
10
Suppose 0 = 195*b - 192*b - 195. What is the highest common divisor of b and 26?
13
Let n = -160 + 180. Let g(o) = -o**3 - 8*o**2 - 6*o - 1. Let f be g(-7). Let c be 2*(0 + f/(-2)). What is the highest common factor of n and c?
4
Let l be (30 - (-12)/(-6)) + (-4 - -2). What is the greatest common factor of l and 442?
26
Suppose -4*b = -15*b + 9603. What is the highest common factor of b and 36?
9
Let v = 1221 - 1161. Let o be 0 + -1 - (-152 + 1). What is the highest common factor of v and o?
30
Let o be (-6)/(-9) + (-92)/(-6). Suppose -o = -6*p + 2*p. Suppose 4*j = -p*t - 0*t + 28, -4*j = -4*t + 28. What is the highest common divisor of t and 21?
7
Let q be 132/4*(-10)/(-6). Let i = -33 + q. Calculate the highest common factor of 55 and i.
11
Let n(c) be the first derivative of -c**3/3 - c**2/2 + 16*c + 9. Let u be n(0). Calculate the highest common factor of 32 and u.
16
Let p be (-2536)/(-72) + 4 + 2/(-9). What is the highest common factor of 91 and p?
13
Let y = 1723 + -1654. What is the greatest common divisor of 253 and y?
23
Let u be -15*(22/6 - 4). Suppose -u*w = -20, 3*w + 2*w = -2*o + 72. What is the greatest common divisor of 39 and o?
13
Suppose -100 = 3*x + w - 288, w - 251 = -4*x. Suppose 9*t - x = 126. Calculate the greatest common factor of 7 and t.
7
Let i(l) = 9*l - 103 + 102 - 29*l. Let s be i(-2). What is the highest common divisor of 117 and s?
39
Let j be (2/(-4))/((-6)/52)*27. Calculate the greatest common factor of j and 13.
13
Let y(w) = w**2 - 2*w + 19. Let l be y(0). What is the greatest common divisor of 608 and l?
19
Let c(q) = 3*q**2 - 13. Let o be c(-5). Let x =